{"id":12,"date":"2025-03-10T11:55:48","date_gmt":"2025-03-10T10:55:48","guid":{"rendered":"https:\/\/acasaviva.com\/?page_id=12"},"modified":"2025-03-10T11:55:48","modified_gmt":"2025-03-10T10:55:48","slug":"nos-activites","status":"publish","type":"page","link":"https:\/\/www.acasaviva.com\/index.php\/nos-activites\/","title":{"rendered":"Nos Activit\u00e9s"},"content":{"rendered":"\n<p>Notre m\u00e9tier: l&rsquo;immobilier d&rsquo;entreprise<\/p>\n\n\n\n<p><strong>Conseil en immobilier d&rsquo;entreprise<\/strong><\/p>\n\n\n\n<ul class=\"wp-block-list\">\n<li>recenser, analyser, optimiser les implantations existantes,<\/li>\n\n\n\n<li>d\u00e9finir les besoins, \u00e9laborer un cahier des charges<\/li>\n\n\n\n<li>strat\u00e9gie immobili\u00e8re<\/li>\n\n\n\n<li>faisabilit\u00e9 d&rsquo;un projet<\/li>\n<\/ul>\n\n\n\n<p><strong>Recherche de locaux<\/strong><\/p>\n\n\n\n<ul class=\"wp-block-list\">\n<li>trouver des locaux correspondant \u00e0 un cahier des charges,<\/li>\n\n\n\n<li>apporter une vision exhaustive du march\u00e9<\/li>\n\n\n\n<li>pr\u00e9senter tous les \u00e9l\u00e9ments techniques et financiers d&rsquo;un dossier<\/li>\n\n\n\n<li>accompagner l&rsquo;utilisateur jusqu&rsquo;\u00e0 l&rsquo;installation<\/li>\n<\/ul>\n\n\n\n<p><strong>Commercialisation et valorisation de biens immobiliers \u00e0 destination des entreprises et autres organisations tels que les associations, f\u00e9d\u00e9rations, centres de formation<\/strong><\/p>\n\n\n\n<ul class=\"wp-block-list\">\n<li>bureaux<\/li>\n\n\n\n<li>locaux commerciaux<\/li>\n\n\n\n<li>locaux sp\u00e9cifiques<\/li>\n\n\n\n<li>locaux d&rsquo;activit\u00e9<\/li>\n\n\n\n<li>locaux de stockage<\/li>\n<\/ul>\n\n\n\n<p><strong>Installer, am\u00e9nager<\/strong><\/p>\n\n\n\n<ul class=\"wp-block-list\">\n<li>programmation<\/li>\n\n\n\n<li>architecture<\/li>\n\n\n\n<li>space planning<\/li>\n\n\n\n<li>assurer le fonctionnement de l&rsquo;entreprise pendant un transfert sans rupture<\/li>\n<\/ul>\n\n\n\n<p><br>Nous sommes implant\u00e9s \u00e0 PARIS et intervenons en r\u00e9gion parisienne ainsi qu&rsquo;en province gr\u00e2ce \u00e0 un r\u00e9seau de partenaires pour des op\u00e9rations significatives.<\/p>\n","protected":false},"excerpt":{"rendered":"<p>Notre m\u00e9tier: l&rsquo;immobilier d&rsquo;entreprise Conseil en immobilier d&rsquo;entreprise Recherche de locaux Commercialisation et valorisation de biens immobiliers \u00e0 destination des entreprises et autres organisations tels que les associations, f\u00e9d\u00e9rations, centres [&hellip;]<\/p>\n","protected":false},"author":1,"featured_media":0,"parent":0,"menu_order":0,"comment_status":"closed","ping_status":"closed","template":"","meta":{"footnotes":""},"class_list":["post-12","page","type-page","status-publish","hentry"],"_links":{"self":[{"href":"https:\/\/www.acasaviva.com\/index.php\/wp-json\/wp\/v2\/pages\/12","targetHints":{"allow":["GET"]}}],"collection":[{"href":"https:\/\/www.acasaviva.com\/index.php\/wp-json\/wp\/v2\/pages"}],"about":[{"href":"https:\/\/www.acasaviva.com\/index.php\/wp-json\/wp\/v2\/types\/page"}],"author":[{"embeddable":true,"href":"https:\/\/www.acasaviva.com\/index.php\/wp-json\/wp\/v2\/users\/1"}],"replies":[{"embeddable":true,"href":"https:\/\/www.acasaviva.com\/index.php\/wp-json\/wp\/v2\/comments?post=12"}],"version-history":[{"count":1,"href":"https:\/\/www.acasaviva.com\/index.php\/wp-json\/wp\/v2\/pages\/12\/revisions"}],"predecessor-version":[{"id":13,"href":"https:\/\/www.acasaviva.com\/index.php\/wp-json\/wp\/v2\/pages\/12\/revisions\/13"}],"wp:attachment":[{"href":"https:\/\/www.acasaviva.com\/index.php\/wp-json\/wp\/v2\/media?parent=12"}],"curies":[{"name":"wp","href":"https:\/\/api.w.org\/{rel}","templated":true}]}}